78. Suppose -78 + t = -h - 3*m, -d*h + 265 = -5*m. List the prime factors of h.
2, 29
Suppose 0 = 7*m + 2*m - 45. Suppose -3*r = m + 4. What are the prime factors of -34*((-39)/6 - r)?
7, 17
Let f be (-5)/(-10) - 75/6. Let g be 46/8 - (15/f - -1). List the prime factors of -1*(-2 + g) + 50.
2, 23
Let k = 25 + -22. Suppose k*b - 22 = -h, -2*b - 2*b + 3*h + 12 = 0. List the prime factors of b/(-15) - 831/(-15).
5, 11
Let t(d) = 4*d + 3*d + 8*d - 8. Suppose 3*a - 1 = -4*c, -4*a - 6*c + 4 = -2*c. What are the prime factors of t(a)?
37
Suppose 757*f - 765*f + 32 = 0. What are the prime factors of (-1765)/f*(-176)/110?
2, 353
Let q = -5457 + 11450. What are the prime factors of q?
13, 461
Let u be 6/15 - (313/(-5) + 1). Let v = u - 61. List the prime factors of (36/10)/(v/5).
2, 3
Let f(r) = 5*r**2 + 5*r + 31. Let b be 2/5 - 5/(100/228). Let y(x) = x**3 + 11*x**2 + 2*x + 14. Let a be y(b). What are the prime factors of f(a)?
311
Let v(u) = 708*u**2 + 1480*u - 1. List the prime factors of v(5).
19, 1321
Suppose 107841 = 32*b + 35777. What are the prime factors of b?
2, 563
Let d(x) = 12*x - 44. Let j be d(5). Suppose -1558 = -j*z + 634. List the prime factors of z.
137
Let t(q) = q**3 + 23*q**2 + 23*q + 24. Let c = -545 - -526. What are the prime factors of t(c)?
1031
Let b(s) = 2*s**3 - 185*s**2 + 134*s + 395. What are the prime factors of b(93)?
2, 10753
Let u(k) = 5*k + 17. Let h(f) = -f**2 - 3*f + 7. Let l be h(3). Let d(i) = -i**2 - 13*i - 18. Let m be d(l). List the prime factors of u(m).
37
Let o(s) = 8*s**2 - 14*s + 37. Let q be o(3). Let b = 113 - q. List the prime factors of b.
2, 23
Let o = 66818 + -35436. Suppose 0 = 11*l + 23*l - o. What are the prime factors of l?
13, 71
Suppose 3*l - 2*b - 5515 = 0, 4*l + 6*b = 4*b + 7344. Suppose l = 5*i + 2*j, 0 = 2*i + j - 101 - 633. What are the prime factors of i?
3, 41
Let y(z) = -z**2 + 260*z + 1001. List the prime factors of y(90).
16301
Let m = 81 - -207. Let c = 363 - m. What are the prime factors of c?
3, 5
Let s(g) be the third derivative of -49*g**6/24 - g**5/6 - 7*g**4/8 + g**3/2 - 3*g**2 - 60. What are the prime factors of s(-2)?
3, 5, 131
List the prime factors of (667*(-22)/(-33))/((-2)/(-33)).
11, 23, 29
Let i(u) = -3*u**2 + 7*u**2 + 5*u - 2*u**2 - 508*u**3 - u**2 + 5*u**2. What are the prime factors of i(-1)?
509
Suppose 12 = -6*l + 96. Let g(z) = -z**2 + 13*z + 16. Let b be g(l). Suppose -j + b*c + 58 = 0, 0*j = -5*j - 5*c + 215. What are the prime factors of j?
2, 3
Let f(x) = -4*x**3 + 9*x**2 - 32*x - 5. Let w(j) = -2*j**3 + 5*j**2 - 16*j - 2. Let n(u) = 2*f(u) - 5*w(u). What are the prime factors of n(7)?
5, 7, 13
Let k be (-1180)/(-44) - 4*1/(-22). Suppose 21*a = k*a - 3534. List the prime factors of a.
19, 31
Suppose 88*p - 1714072 - 1017458 = 5*p. List the prime factors of p.
2, 3, 5, 1097
Let n(s) = 20*s**2 - 16*s + 55. Let d be n(5). Let c = -280 + d. What are the prime factors of c?
3, 5, 13
Let g = 7132 - -7713. What are the prime factors of g?
5, 2969
Let k be 53*217/(7 + -14). Let t = k - -2494. What are the prime factors of t?
23, 37
Let t = -28613 - -54841. What are the prime factors of t?
2, 79, 83
Suppose 124049 = 21*u + 23564. What are the prime factors of u?
3, 5, 11, 29
Suppose 7*g + 53 = 3*g + 5*r, -g - 32 = -5*r. Let i(t) = t**2 - 41*t + 40. List the prime factors of i(g).
2, 47
Suppose 0 = -2*v + 14*g - 15*g + 5527, -3*v + 2*g + 8287 = 0. Suppose -7*c = 992 - v. What are the prime factors of c?
11, 23
Let i(g) = g**2 + 11*g - 48. Let u be i(6). Let k be -1 + (-756)/8*2. Let b = u - k. What are the prime factors of b?
2, 61
Let t be (-3)/((-71656)/(-17920) - 4). Suppose -5*k = -3*z - 3*k + 3376, 2*z - t = -4*k. What are the prime factors of z?
2, 281
Let t(w) = -28*w + 19. Let s be (-240)/(-20)*2/(-4). List the prime factors of t(s).
11, 17
Let a(q) = -q**3 - 6*q**2 - 8*q - 12. Let r be a(-4). Let m be -1 - -2 - -1 - 2052/r. Let o = m + -34. List the prime factors of o.
139
What are the prime factors of 3/15*((11 - 9) + 3) + 2571?
2, 643
Let r be 3698 + (1 + -5)*1. Let t be (4/(-30) - r/(-30)) + 2. Let u = t - 43. What are the prime factors of u?
2, 41
Let q(j) be the first derivative of j**4/4 + 7*j**3/3 - j**2/2 - 10*j + 1. Let d be q(-7). Let r = 38 - d. List the prime factors of r.
41
Suppose 44*m - 180*m - 1421623 + 3739607 = 0. List the prime factors of m.
2, 4261
Let o(a) = -9*a**2 + 83*a + 29. List the prime factors of o(6).
7, 29
Suppose -d + 3671844 = -38*d + 103*d. List the prime factors of d.
2, 27817
Let j(v) = 2*v**2 - 6*v - 996. What are the prime factors of j(-34)?
2, 5, 19
Suppose 0 = 2*q + 5 + 7. Let f(d) = -71*d + 37*d + 38*d + 5 + 2*d**2. What are the prime factors of f(q)?
53
Let t(m) = -m**3 + 18*m**2 + 27*m - 14. Suppose 13*l = 8*l + 90. What are the prime factors of t(l)?
2, 59
Let l = 117342 - 56027. What are the prime factors of l?
5, 12263
Let f = -6705 - -27264. What are the prime factors of f?
3, 7, 11, 89
Let b(a) = -a**3 - 6*a**2 - a + 1. Let x be b(-6). Let m be (264/7)/6 - 2/x. Suppose 0 = -m*l - 0*l + 738. List the prime factors of l.
3, 41
Suppose 2*p = -0*p + 3*b - 10, -3*p = -3*b + 18. Let m be p/(-32) - 7/(-4). Suppose 0 = -j - 4*c + 58, -m*c = 4*j - c - 187. List the prime factors of j.
2, 23
Let k = -301 + 304. Suppose -2*h - 1454 = -k*d - 4772, -d - 6626 = -4*h. List the prime factors of h.
2, 3, 23
Suppose 0*t + t + 5*d + 16 = 0, -2*d = 10. Suppose 0 = -4*z + 4*j + 56, -j = 5*z + 16 - 74. Suppose -t*h + z = -240. What are the prime factors of h?
2, 7
Suppose 13*n + 190192 = 5*v + 14*n, 5*n + 38002 = v. What are the prime factors of v?
3, 31, 409
Suppose 0 = 4*l - 28 + 8. Let n(w) = 3 - 22*w - l + 0 + 6. What are the prime factors of n(-4)?
2, 23
Suppose 0 = -3*q + 6*q - 3. Let b(x) = 2*x - 1. Let s be b(q). Let v = s - -39. List the prime factors of v.
2, 5
Let z = 63918 + -35524. List the prime factors of z.
2, 14197
Suppose 4*x = 3*x + 24. List the prime factors of 9528/x + 1/1.
2, 199
Suppose -5*p = 3*t + 14486 - 76140, -2*p - 2*t = -24664. What are the prime factors of p?
12329
Suppose -5*j = g - 2*g - 22, 2*j = -4*g + 22. Suppose g*s - 5*o - 188 = 0, -s + 2*o + 36 = -28. List the prime factors of s.
2, 7
Let s(w) = -w. Let f be s(-4). Suppose 0 = -9*i + f*i + 115. Suppose -29*q + i*q = -1086. What are the prime factors of q?
181
Let t = 67 + -63. Suppose -4*n - 4*h - 8 = -t, -5*h = 4*n + 5. Suppose p = -4*q + 528, -5*q + 2*p + 329 + 331 = n. List the prime factors of q.
2, 3, 11
Suppose -2*s - s = -q + 51, -s = 0. Let y = q + -50. What are the prime factors of ((-7)/(-21))/(y/159) - 1?
2, 13
Let k(y) = 12*y - 44. Let o be k(3). List the prime factors of o/(-28) + (-48)/21 + 592.
2, 5, 59
Let s(r) = r**2 - 5. Let m be s(-2). Let o be -1 + m + (105 - 0). Suppose -64 = -3*i - 5*w + o, 50 = i - 4*w. What are the prime factors of i?
2, 3
Let r be (-1023)/6*(-15 - (-5 - -4)). Let p = r - 1377. What are the prime factors of p?
2, 5, 101
Let b(c) = 20*c**2 - 9*c + 15. Suppose 2*j + 13*j - 30 = 0. List the prime factors of b(j).
7, 11
Let z(l) = 159*l + 303. What are the prime factors of z(15)?
2, 3, 7
Let g(k) be the second derivative of 3*k**3/2 - 39*k**2 - 14*k + 2. Let c be g(8). Let u(n) = -n**3 + n**2 + 28*n + 14. List the prime factors of u(c).
2, 7
Let i = 22 - 17. Let r(w) = 14*w - 58. Let k be r(i). What are the prime factors of -3*32/k*-34?
2, 17
Let u(p) = -p**3 - 4*p**2 - 5. Let b be u(-5). Suppose s = 10*s + 261. Let f = b - s. What are the prime factors of f?
7
Suppose -244122 = -144*a + 57*a. What are the prime factors of a?
2, 23, 61
List the prime factors of (195/(-143) + 16/44)*-47954.
2, 23977
Let t = 40 - 25. Suppose -t*s + 44 = -4*s. Suppose 0 = -0*u + s*u - 80. What are the prime factors of u?
2, 5
Let i(f) be the second derivative of f**4/12 - 4*f**3/3 + 2*f. Suppose -2*t = 3*v - 8, -2*t - 2*v - 23 = -35. What are the prime factors of i(t)?
2, 5
Let r(a) = 1587*a - 3887. List the prime factors of r(37).
2, 23, 149
Let v = -3354 - -6730. List the prime factors of v.
2, 211
Let i(f) = 178*f**2 - 291*f + 5. List the prime factors of i(-3).
2, 5, 31
Let j(w) = 134*w**2 + 6*w + 8. Let s be j(-2). Suppose 0 = 3*i - 1609 + s. List the prime factors of i.
359
Let s be ((61 - -1) + 1)*1164/18. Suppose -13